 common factor of 56 and 483028.
28
Calculate the greatest common factor of 105735 and 779.
19
Calculate the greatest common factor of 61200 and 34.
34
Calculate the greatest common factor of 455 and 221.
13
What is the highest common factor of 97119 and 4536?
81
What is the highest common divisor of 360936 and 405?
81
What is the greatest common factor of 15448 and 64?
8
What is the greatest common factor of 744 and 533944?
248
Calculate the highest common divisor of 180 and 31620.
60
What is the highest common divisor of 144166 and 638?
22
What is the greatest common factor of 46 and 13112300?
46
Calculate the highest common divisor of 196630 and 35.
35
What is the greatest common factor of 1 and 459462?
1
What is the greatest common divisor of 495989 and 65?
13
Calculate the greatest common divisor of 247702 and 273.
91
What is the greatest common factor of 1990 and 260?
10
Calculate the greatest common factor of 35264 and 295488.
1216
What is the highest common factor of 5741189 and 2091?
697
What is the greatest common factor of 32 and 119072?
32
What is the greatest common factor of 119928 and 48?
24
Calculate the greatest common divisor of 594 and 3454.
22
What is the highest common divisor of 114558 and 4392?
366
What is the greatest common factor of 54568 and 19?
19
What is the highest common divisor of 80 and 1264?
16
Calculate the greatest common factor of 8592 and 336.
48
What is the highest common divisor of 10201 and 57469?
101
Calculate the greatest common divisor of 68000 and 40.
40
Calculate the highest common divisor of 1162 and 26062.
166
What is the highest common divisor of 2548264 and 148?
148
Calculate the greatest common factor of 4718 and 9.
1
Calculate the highest common factor of 18739 and 189.
7
Calculate the greatest common factor of 236769 and 16224.
507
What is the highest common divisor of 486 and 316116?
54
Calculate the greatest common divisor of 108376 and 304.
152
Calculate the greatest common factor of 17446 and 418.
22
What is the greatest common factor of 182 and 29218?
14
Calculate the highest common divisor of 938096 and 16.
16
Calculate the greatest common divisor of 1839 and 613.
613
What is the highest common divisor of 448 and 27392?
64
What is the greatest common factor of 8340 and 48135?
15
Calculate the greatest common factor of 12312 and 325296.
648
Calculate the greatest common factor of 476 and 8302.
14
Calculate the greatest common divisor of 1350 and 41370.
30
What is the greatest common factor of 9012910 and 580?
290
Calculate the highest common factor of 232958 and 22.
22
Calculate the greatest common factor of 99 and 9801.
99
Calculate the highest common factor of 12 and 486828.
12
Calculate the greatest common factor of 44990 and 220.
110
Calculate the greatest common divisor of 4 and 250492.
4
Calculate the highest common divisor of 711102 and 35.
7
Calculate the greatest common divisor of 903 and 3225.
129
What is the greatest common divisor of 85522 and 1891?
61
Calculate the greatest common factor of 13 and 27.
1
Calculate the highest common divisor of 121 and 1109.
1
What is the greatest common factor of 391 and 7905?
17
What is the highest common divisor of 54 and 998?
2
Calculate the greatest common divisor of 485 and 263743.
97
What is the highest common divisor of 490 and 1250?
10
What is the highest common factor of 126 and 61929?
63
Calculate the highest common factor of 7047 and 105381.
81
Calculate the greatest common divisor of 17286 and 7638.
402
Calculate the highest common divisor of 1162363 and 934.
467
What is the highest common divisor of 99600 and 720?
240
Calculate the highest common divisor of 1375740 and 90.
90
Calculate the greatest common factor of 1184 and 351872.
32
Calculate the greatest common factor of 54 and 32814.
18
Calculate the highest common factor of 5148 and 6534.
198
Calculate the greatest common factor of 495855 and 432.
27
What is the greatest common factor of 10434 and 282?
282
What is the greatest common divisor of 23 and 296309?
23
What is the greatest common divisor of 3592 and 8504?
8
Calculate the greatest common factor of 1584 and 63888.
528
Calculate the highest common factor of 141417 and 2223.
171
What is the greatest common divisor of 207 and 10718?
23
Calculate the highest common divisor of 156 and 1417.
13
What is the greatest common factor of 3227930 and 205?
205
What is the highest common factor of 275 and 891?
11
What is the highest common factor of 3819 and 288?
3
What is the greatest common divisor of 34 and 3182?
2
Calculate the highest common divisor of 47 and 312973.
47
Calculate the highest common factor of 9966 and 32142.
66
Calculate the greatest common divisor of 1312 and 10048.
32
What is the greatest common divisor of 4 and 311666?
2
Calculate the greatest common divisor of 90097 and 17507.
427
Calculate the highest common divisor of 1909808 and 16.
16
What is the highest common factor of 415 and 159360?
415
What is the highest common divisor of 1683 and 410839?
187
What is the highest common divisor of 11918 and 16?
2
What is the greatest common divisor of 7 and 1881187?
7
What is the greatest common factor of 5334 and 84?
42
What is the highest common divisor of 154 and 5181?
11
What is the greatest common factor of 48151 and 10222?
269
What is the greatest common factor of 554 and 146?
2
What is the greatest common divisor of 312450 and 100?
50
What is the greatest common divisor of 1859 and 2041?
13
Calculate the highest common divisor of 20 and 3745.
5
What is the greatest common factor of 4560 and 8560?
80
Calculate the highest common factor of 10 and 4892410.
10
Calculate the highest common factor of 350715 and 31780.
1135
Calculate the highest common factor of 368 and 121532.
92
Calculate the greatest common factor of 288 and 79308.
36
Calculate the highest common factor of 1353 and 6589.
11
Calculate the highest common factor of 405 and 6865.
5
Calculate the greatest common factor of 12150 and 750.
150
Calculate the highest common factor of 17061 and 24442.
121
Calculate the greatest common factor of 231 and 160160.
77
What is the greatest common divisor of 12450 and 498?
498
What is the highest common divisor of 653072 and 272?
272
What is the highest common divisor of 5886 and 20169?
27
What is the greatest common factor of 104 and 3003?
13
Calculate the highest common divisor of 25421 and 5929.
11
Calculate the greatest common divisor of 17675 and 2275.
175
Calculate the greatest common factor of 9816 and 192.
24
Calculate the highest common divisor of 9654 and 108.
6
Calculate the greatest common factor of 319656 and 228.
228
What is the greatest common divisor of 889 and 217?
7
Calculate the greatest common divisor of 71 and 20022.
71
Calculate the highest common factor of 228 and 961647.
57
What is the highest common factor of 3996 and 1323?
27
Calculate the greatest common divisor of 1663087 and 159.
53
Calculate the highest common divisor of 3959165 and 155.
155
Calculate the greatest common factor of 18157 and 1084.
271
Calculate the highest common factor of 5 and 415160.
5
What is the highest common factor of 3204 and 2094615?
801
What is the highest common divisor of 1395 and 236995?
155
Calculate the greatest common factor of 6359877 and 81.
81
What is the highest common divisor of 2321 and 22341?
11
What is the greatest common factor of 1450 and 9454?
58
Calculate the highest common divisor of 231104 and 1840.
368
What is the highest common factor of 8460375 and 2310?
1155
Calculate the greatest common factor of 36533 and 119.
119
Calculate the highest common divisor of 520 and 204490.
130
What is the highest common divisor of 35936 and 7968?
32
Calculate the highest common divisor of 176 and 24984.
8
What is the greatest common divisor of 1369 and 407?
37
What is the greatest common divisor of 33228 and 279?
9
Calculate the greatest common divisor of 538373 and 11.
11
What is the greatest common factor of 56775 and 105?
15
Calculate the highest common divisor of 17 and 22168.
17
Calculate the greatest common divisor of 17750 and 426.
142
Calculate the greatest common divisor of 181 and 1098127.
181
What is the highest common factor of 1003 and 15517?
59
Calculate the greatest common divisor o